w(t) is divided by 18?
13
Let x(b) = -3*b - 1 - 3 + 148*b**2 - 74*b**2 - 72*b**2. Calculate the remainder when x(-7) is divided by 30.
25
Suppose -29 = -4*g + 511. Let j = -94 + g. Calculate the remainder when j is divided by (-10)/(-65) + (1 - (-334)/26).
13
Suppose 81*a + 5*v + 155 = 83*a, -3*v = -2*a + 169. What is the remainder when 1614 is divided by a?
94
Let r be (-5)/10*-2*12. Suppose -8*s = r + 20. Calculate the remainder when (2 - -2)/s + 57 - -1 is divided by 15.
12
Let a be (-3 - (1 + -3))*0. Suppose -5*o - 18 + 43 = a. Suppose o*f + 10 = y + 2*f, 3*f - 65 = -2*y. Calculate the remainder when 73 is divided by y.
23
Calculate the remainder when (-5)/(125/(-7935)) + 4/(-10) is divided by 44.
9
Suppose 6*m - 74 = 4. Suppose -12*d = -m*d - 26. Let q = d - -43. What is the remainder when 48 is divided by q?
14
Suppose -3*m - 49*m - m + 1961 = 0. What is the remainder when 324 is divided by m?
28
Suppose -6*k = 5*k - 13*k + 3438. What is the remainder when k is divided by 43?
42
Let w(b) = -b**3 + 14*b**2 - 15*b - 154. What is the remainder when 329 is divided by w(10)?
41
Let m = 27 - 25. Let l(f) = 2*f**2 + 6*f**2 - 3*f**2 + 3*f + 3 - 3*f**m. What is the remainder when 10 is divided by l(-2)?
0
Let k(c) = -c**3 - 8*c**2 - 8*c + 1. Let y be (252/(-8))/9*2. Let t be k(y). Suppose -3 = 5*w - t*w. What is the remainder when 3 is divided by w?
0
Let y = -3758 - -3786. What is the remainder when 305 is divided by y?
25
Let o(k) = -7 + 72*k - 79*k - 6. Suppose 3*c - 30 = -5*f + 47, -11 = -f - 5*c. What is the remainder when o(-6) is divided by f?
13
Suppose 103*c - 37*c = 1584. What is the remainder when 983 is divided by c?
23
What is the remainder when 201 is divided by ((-108)/378)/(6/(-777))?
16
Let n(g) = 36*g - 1. What is the remainder when n(4) is divided by 84 - 15 - (2 + -6)?
70
Let r = 2807 - 2073. What is the remainder when r is divided by 67?
64
Let q(r) = -19*r - 499. What is the remainder when 180 is divided by q(-27)?
12
Let n = 5969 - 5803. What is the remainder when n is divided by 47?
25
Suppose -9 = t - 19. What is the remainder when 456/t + (-20)/(-50) is divided by 7?
4
Suppose 32 + 4 = 3*f. Calculate the remainder when -13 - (6 + 10) - -275 is divided by f.
6
Suppose 7*n - 26314 = -52*n. Calculate the remainder when n is divided by 12.
2
Let k(b) = -8*b**2 - 50*b - 8. Let n be k(-6). What is the remainder when 1/12*6 + 378/n is divided by 58?
37
Let f = -2280 - -2390. Calculate the remainder when f is divided by 49.
12
Let d(k) = -9*k - 175. Let s be d(-20). Suppose -4*j + 2*h + 2*h + 2132 = 0, -s*h - 2132 = -4*j. What is the remainder when j is divided by 67?
64
Let k(i) = -4*i**2 + 84*i + 10. Let y be k(14). Suppose -27 = 393*l - y*l. What is the remainder when 102 is divided by l?
0
Suppose -6*k + 651 = -2*p - 1809, k = 4*p + 399. What is the remainder when k is divided by 74?
41
Let u = -91 + 94. Suppose -u*d + 317 = 254. Calculate the remainder when d is divided by 5.
1
Let t be (42/12)/((-3)/(-6)). Let h = 19 + t. Calculate the remainder when 32 is divided by h.
6
Suppose -b - 4*l + 52 - 15 = 0, 3*l - 49 = -2*b. Calculate the remainder when (35 + -10)/(1/4) is divided by b.
15
Let l(i) = -4*i + 80. Let f be l(19). Suppose 7*v = -5*d + 4*v + 59, 0 = f*v - 12. Calculate the remainder when 238 is divided by d.
8
Let w(p) be the first derivative of -p**3/3 - 13*p**2 - 34*p + 141. What is the remainder when 138 is divided by w(-24)?
12
Suppose 65595 = 127*w + 22288. What is the remainder when w is divided by 166?
9
Let x(b) = 3*b**2 + 46*b + 235. Calculate the remainder when 356 is divided by x(-6).
21
Suppose -135*h + 932 = -139*h. Let u = -218 - h. What is the remainder when 72 is divided by u?
12
Suppose -1688 = -5*t + 13*t. Let p = 363 + t. Suppose -31*s + 27*s + p = 0. What is the remainder when s is divided by 13?
12
Let v(u) = 266*u - 715. Calculate the remainder when v(5) is divided by 223.
169
Let a(b) be the first derivative of b**2/2 + b - 2. Let s be a(15). Suppose 15*n + s = 16*n. What is the remainder when 76 is divided by n?
12
Suppose 0 = -3*a + 3*d + 15, 2*a - 2*d - 22 = -3*a. Suppose 1603 = a*q + 10*g - 5*g, 3*q + 3*g - 1206 = 0. Calculate the remainder when q is divided by 12.
11
Let w = 14947 + -6306. Calculate the remainder when w is divided by 19.
15
Let w = 1 + 1. Let v = 117 - 86. Suppose w*j + v = 45. Calculate the remainder when 11 is divided by j.
4
Suppose 3*o = o + 14. Let c(l) be the second derivative of -l**5/20 + 7*l**4/12 + 4*l**3/3 - 7*l**2 + 575*l. Calculate the remainder when c(o) is divided by 9.
6
Let b(l) = 7*l - 10. Let r be b(6). Let y = -27 + r. Suppose 185 = 9*k - 76. What is the remainder when k is divided by y?
4
Let w = -12372 + 13250. Calculate the remainder when w is divided by 25.
3
Suppose -20*x + 84 - 8364 = 0. Let n = 416 + x. Calculate the remainder when 11 is divided by n.
1
Calculate the remainder when 84 is divided by 2945/(-589) - (1 - -1)/(2/(-29)).
12
Suppose 4*q - 1392 = -4*u, 5*q = -u + 1548 + 176. Suppose 274 = 2*a - q. Calculate the remainder when a is divided by 13.
10
Suppose 0 = 22*a - 350 + 240. Calculate the remainder when 395 is divided by a.
0
Suppose 4345 = 10*y + 21*y - 2134. Calculate the remainder when y is divided by 6.
5
Let z = -1 + 3. Suppose 0 = q - 3*q - z*k, 0 = 4*q + 5*k + 2. Calculate the remainder when 41 is divided by -7*(6/q + -4).
6
Let z = 23 + -14. What is the remainder when 570/(-20)*((-51)/9 + 3) is divided by z?
4
Let q(k) = -k + 44. Let w be q(-16). Suppose 2*u + 5*d - w = 0, 2*u + 7*d = 10*d + 28. Calculate the remainder when u is divided by 9.
2
Let a(z) = 2*z**3 + 10*z**2 - 7*z - 28. Let v be a(-5). What is the remainder when 2 + -3 + 17*(v + -3) is divided by 9?
4
Suppose -188*d + 195*d - 392 = 0. Calculate the remainder when d is divided by 2 - ((-9)/3 + -14).
18
Suppose 5*q - 1480 = 2*b, -346 - 840 = -4*q + 2*b. Calculate the remainder when q is divided by 291.
3
Let s = -76 - -139. Suppose 30 = 2*b - 0*n - 2*n, n = 1. Calculate the remainder when s is divided by b.
15
Suppose 2*t - 84 = 2*s, -s - 2*t + 5 - 35 = 0. What is the remainder when 80 is divided by -4 + s/(-2) + 6?
17
Let m = 21198 + -20825. Calculate the remainder when 629 is divided by m.
256
Suppose 126*f + 32490 = -48*f + 141414. Calculate the remainder when f is divided by 161.
143
Suppose -4*z + 2*w + 992 = 0, -178 = -2*z - w + 322. Calculate the remainder when z is divided by 36.
33
Let i be -46 - -44 - -1*14. Calculate the remainder when 108 is divided by (75/i)/((-9)/(-72)).
8
Let l(f) = 38 + 223*f + 4*f**3 - 5*f**3 + 211*f - 462*f - 17*f**2. Calculate the remainder when 23 is divided by l(-15).
7
Suppose -4*k + m + 23 = 0, 0*k + 2*k - 4*m - 22 = 0. Let g = 24126 + -24122. Calculate the remainder when k is divided by g.
1
Suppose -22*c + 17*c = 17*c - 15950. What is the remainder when c is divided by 108?
77
Let b(f) = 7*f + 95. Let t(q) = -2*q - 5. Let k be t(-5). Suppose -5*y + k*j = -37 - 238, -3*j + 75 = y. What is the remainder when y is divided by b(-12)?
5
Let l(u) = 9*u - 53. Let f(n) = -n**3 + 23*n**2 + 23*n + 31. Let g be f(24). Calculate the remainder when l(g) is divided by 5.
0
Suppose -970 = 46*f - 4788. Suppose -7 = r + 4*y + 6, 3*r - 36 = 3*y. What is the remainder when f is divided by r?
6
Suppose 0 = 3*p - 8 - 1. Suppose -v - p*v = -4. What is the remainder when 5 + 2 + -7 + 12 + -9 is divided by v?
0
Let r be ((-2)/(-6))/(9/1026). Suppose -4*b + r = -46. What is the remainder when b is divided by (1 + 1)*(-2 - 187/(-22))?
8
Let i(h) = 4*h + 6. Let l(y) = -6*y - 5. Let t(r) = 4*i(r) + 5*l(r). What is the remainder when 384 is divided by t(-4)?
54
Let s(y) = 178*y + 2326. What is the remainder when 20183 is divided by s(-13)?
11
Suppose 23 = -5*i - 12. Let t(z) = -z**2 - 8*z + 3. Calculate the remainder when 224/24*(-165)/(-20) is divided by t(i).
7
Let w(k) = -k**3 - 108*k**2 - 98*k + 1047. What is the remainder when 1335 is divided by w(-107)?
75
Let r = 13 - 39. Calculate the remainder when 153 is divided by (r/8)/((-29)/116).
10
Calculate the remainder when (-2)/3 - 143616/(-396) is divided by 90.
2
Suppose -4*n = -x + 68 + 103, 705 = 4*x + 5*n. What is the remainder when 842 is divided by x?
142
Suppose 5*w - 35 = 0, 5*n - 36*w